2?
2, 7, 2437
List the prime factors of 524056.
2, 13, 5039
List the prime factors of 434596.
2, 108649
What are the prime factors of 27623318?
2, 193, 71563
What are the prime factors of 2788194?
2, 3, 464699
What are the prime factors of 4402476?
2, 3, 13, 23, 409
List the prime factors of 20023796.
2, 13, 19, 1559
What are the prime factors of 11394431?
11394431
What are the prime factors of 474069?
3, 19, 8317
What are the prime factors of 9181890?
2, 3, 5, 31, 1097
What are the prime factors of 1059918?
2, 3, 241, 733
What are the prime factors of 8420922?
2, 3, 17327
What are the prime factors of 18420533?
18420533
What are the prime factors of 143700?
2, 3, 5, 479
What are the prime factors of 534908?
2, 11, 12157
List the prime factors of 2992872.
2, 3, 124703
What are the prime factors of 33357?
3, 11119
What are the prime factors of 5836987?
13, 448999
List the prime factors of 9467979.
3, 3155993
What are the prime factors of 243956?
2, 71, 859
List the prime factors of 5664067.
5664067
What are the prime factors of 28780396?
2, 73, 98563
What are the prime factors of 57249?
3, 6361
What are the prime factors of 146450?
2, 5, 29, 101
What are the prime factors of 3363740?
2, 5, 109, 1543
What are the prime factors of 11475230?
2, 5, 13, 103, 857
List the prime factors of 978502.
2, 7, 37, 1889
List the prime factors of 109088.
2, 7, 487
List the prime factors of 2181074.
2, 7, 83, 1877
List the prime factors of 4487548.
2, 13, 211, 409
List the prime factors of 230268.
2, 3, 31, 619
What are the prime factors of 24812?
2, 6203
List the prime factors of 4959703.
7, 19, 89, 419
List the prime factors of 1353720.
2, 3, 5, 29, 389
List the prime factors of 11775003.
3, 19, 167, 1237
What are the prime factors of 13410332?
2, 13, 463, 557
List the prime factors of 988722.
2, 3, 7, 19, 59
List the prime factors of 13662822.
2, 3, 359, 6343
What are the prime factors of 528542?
2, 7, 19, 1987
List the prime factors of 204450.
2, 3, 5, 29, 47
List the prime factors of 279296.
2, 1091
List the prime factors of 295547.
7, 42221
List the prime factors of 493060.
2, 5, 89, 277
List the prime factors of 232528.
2, 14533
List the prime factors of 24440927.
7, 23, 31, 59, 83
What are the prime factors of 3039444?
2, 3, 53, 59
List the prime factors of 195311.
195311
List the prime factors of 1380913.
1380913
List the prime factors of 16032929.
11, 1129, 1291
What are the prime factors of 3454166?
2, 271, 6373
List the prime factors of 3550207.
19, 59, 3167
What are the prime factors of 26665936?
2, 11, 127, 1193
What are the prime factors of 4741464?
2, 3, 7, 13, 167
What are the prime factors of 13156447?
13156447
List the prime factors of 24572.
2, 6143
What are the prime factors of 23330899?
101, 230999
What are the prime factors of 4505873?
71, 63463
List the prime factors of 5383467.
3, 598163
What are the prime factors of 107835?
3, 5, 7, 13, 79
List the prime factors of 441614.
2, 220807
List the prime factors of 1316033.
1316033
List the prime factors of 9212591.
1297, 7103
List the prime factors of 31930439.
31930439
What are the prime factors of 10163466?
2, 3, 97, 5821
List the prime factors of 16961885.
5, 1607, 2111
List the prime factors of 3204290.
2, 5, 59, 5431
List the prime factors of 96032.
2, 3001
What are the prime factors of 225958?
2, 112979
What are the prime factors of 27583942?
2, 13791971
What are the prime factors of 2001180?
2, 3, 5, 33353
List the prime factors of 3827895.
3, 5, 255193
What are the prime factors of 11241576?
2, 3, 43, 3631
List the prime factors of 86922.
2, 3, 11, 439
List the prime factors of 707442.
2, 3, 157, 751
List the prime factors of 123593.
123593
What are the prime factors of 1441475?
5, 7, 8237
What are the prime factors of 56491?
17, 3323
List the prime factors of 116276.
2, 41, 709
List the prime factors of 17748332.
2, 7, 271, 2339
What are the prime factors of 3610?
2, 5, 19
List the prime factors of 6682978.
2, 3341489
What are the prime factors of 4734003?
3, 1578001
List the prime factors of 5512397.
11, 45557
List the prime factors of 2923071.
3, 47, 20731
What are the prime factors of 9209355?
3, 5, 613957
List the prime factors of 358098.
2, 3, 13, 4591
What are the prime factors of 3599410?
2, 5, 17, 31, 683
What are the prime factors of 19751913?
3, 1069, 2053
What are the prime factors of 20385614?
2, 3049, 3343
What are the prime factors of 1933304?
2, 241663
What are the prime factors of 2812318?
2, 1406159
What are the prime factors of 1866243?
3, 17, 23, 37, 43
What are the prime factors of 555750?
2, 3, 5, 13, 19
List the prime factors of 2613436.
2, 7, 93337
List the prime factors of 47834.
2, 23917
List the prime factors of 136403.
136403
What are the prime factors of 390898?
2, 17, 11497
List the prime factors of 763667.
19, 40193
List the prime factors of 709323.
3, 101, 2341
What are the prime factors of 8209886?
2, 97, 101, 419
List the prime factors of 16210574.
2, 719, 11273
What are the prime factors of 12180568?
2, 17, 89563
What are the prime factors of 291537?
3, 29, 1117
What are the prime factors of 14674531?
1237, 11863
List the prime factors of 43873.
73, 601
List the prime factors of 442331.
631, 701
List the prime factors of 77226.
2, 3, 61, 211
List the prime factors of 2676978.
2, 3, 148721
What are the prime factors of 520229?
673, 773
What are the prime factors of 1229847?
3, 109, 3761
List the prime factors of 806933.
37, 113, 193
List the prime factors of 111773.
111773
What are the prime factors of 2740496?
2, 11, 23, 677
List the prime factors of 1722071.
13, 139, 953
What are the prime factors of 26166803?
13, 1013, 1987
List the prime factors of 1276523.
23, 55501
What are the prime factors of 2097957?
3, 699319
What are the prime factors of 1649904?
2, 3, 37, 929
List the prime factors of 13818732.
2, 3, 29, 39709
What are the prime factors of 1069850?
2, 5, 21397
What are the prime factors of 55935?
3, 5, 11, 113
What are the prime factors of 1550020?
2, 5, 19, 4079
List the prime factors of 3676599.
3, 607, 673
List the prime factors of 3678770.
2, 5, 31, 11867
List the prime factors of 1197248.
2, 13, 1439
List the prime factors of 8476493.
8476493
List the prime factors of 879807.
3, 293269
List the prime factors of 95705.
5, 19141
List the prime factors of 291517.
19, 67, 229
What are the prime factors of 900163?
11, 19, 59, 73
List the prime factors of 3550368.
2, 3, 31, 1193
List the prime factors of 5039564.
2, 727, 1733
List the prime factors of 16611682.
2, 251, 33091
What are the prime factors of 308235?
3, 5, 20549
List the prime factors of 6953.
17, 409
List the prime factors of 758060.
2, 5, 29, 1307
What are the prime factors of 282590?
2, 5, 7, 11, 367
List the prime factors of 4608172.
2, 277, 4159
List the prime factors of 3730114.
2, 1865057
List the prime factors of 2162472.
2, 3, 13, 29, 239
List the prime factors of 36764441.
7, 43, 67, 1823
List the prime factors of 11963962.
2, 953, 6277
What are the prime factors of 541869?
3, 180623
What are the prime factors of 18206723?
18206723
What are the prime factors of 4087703?
211, 19373
List the prime factors of 243243.
3, 7, 11, 13
List the prime factors of 117967.
23, 223
List the prime factors of 490527.
3, 54503
What are the prime factors of 177310?
2, 5, 7, 17, 149
What are the prime factors of 3751225?
5, 181, 829
List the prime factors of 370829.
23, 701
List the prime factors of 225763.
401, 563
List the prime factors of 403458.
2, 3, 11, 6113
List the prime factors of 216795.
3, 5, 97, 149
What are the prime factors of 88200?
2, 3, 5, 7
List the prime factors of 266413.
7, 5437
List the prime factors of 2974808.
2, 371851
What are the prime factors of 7778936?
2, 11, 88397
List the prime factors of 19926699.
3, 13, 510941
What are the prime factors of 720455?
5, 89, 1619
List the prime factors of 2040840.
2, 3, 5, 5669
List the prime factors of 526267.
7, 75181
List the prime factors of 1987052.
2, 496763
List the prime factors of 943956.
2, 3, 13, 2017
List the prime factors of 2491930.
2, 5, 7, 97, 367
What are the prime factors of 190189?
43, 4423
List the prime factors of 3145269.
3, 1048423
List the prime factors of 2184809.
11, 83, 2393
List the prime fa